**2 + 5404*h + 26793. Determine j(-5).
-2
Let a(v) = -65*v**3 - 17*v**2 - 100*v - 100. Give a(-1).
48
Let d(m) = m**3 + 163*m**2 - 34*m - 5445. Give d(-163).
97
Let a(m) = -m**2 - 101453*m - 405805. Calculate a(-4).
-9
Let p(z) = -z**3 + 19*z**2 - 684*z + 12989. Calculate p(19).
-7
Let x(k) = 4*k**3 + 3378*k**2 + 5034*k - 20224. Determine x(-843).
8
Let m(q) = -q**2 + 147*q - 4544. Determine m(106).
-198
Let c(u) = -68*u**2 + 6398*u + 71. What is c(94)?
635
Let d(y) = -10*y**2 + 145*y + 4190. Calculate d(29).
-15
Let t(o) = -o**2 + 4322*o - 162586. Determine t(38).
206
Let h(l) = 171*l - 2539. Give h(27).
2078
Let m(h) = h**3 - 52*h**2 - 248*h + 1402. Give m(56).
58
Let b(r) = 1912*r**2 + 7654*r - 5. Determine b(-4).
-29
Let j(h) = 235*h + 12642. Give j(-54).
-48
Let i(n) = -n**3 + 89*n**2 + 285*n - 1227. Calculate i(92).
-399
Let j(t) = -134*t**2 + 1002*t + 1830. Give j(9).
-6
Let p(u) = -2*u**3 - 9*u**2 + 24*u + 48. What is p(-9)?
561
Let p(i) = 9*i**3 - 101*i**2 - 104*i + 1420. Calculate p(11).
34
Let i(z) = -z**3 + 2*z**2 + 585*z + 29. What is i(-23)?
-201
Let j(m) = 6*m**2 - 1953*m - 11602. Give j(-6).
332
Let w(d) = d**2 + 157560*d + 1102889. Determine w(-7).
18
Let a(k) = -5776*k + 3760168. What is a(651)?
-8
Let w(t) = 28190*t - 169131. What is w(6)?
9
Let h(l) = -105*l + 28599. What is h(274)?
-171
Let f(j) = 4*j**2 - 175*j - 3453. Calculate f(58).
-147
Let z(w) = 27*w**3 - 134*w**2 + 151*w + 4. Give z(3).
-20
Let a(c) = -2*c**3 - 103*c**2 - 170*c - 1065. What is a(-50)?
-65
Let s(a) = -4836*a**2 + 1784489*a - 1846. Determine s(369).
-1
Let q(a) = 15231*a - 182039. Determine q(12).
733
Let y(x) = 15*x**2 + 1689*x - 1179. Determine y(-112).
-2187
Let u(x) = 48*x + 6021. What is u(-129)?
-171
Let r(m) = 3027*m - 36278. What is r(11)?
-2981
Let r(i) = -7*i**2 + 22316*i - 156153. What is r(7)?
-284
Let g(b) = -30*b**3 - 811*b**2 - 63*b - 976. Determine g(-27).
-4
Let n(u) = -23292*u + 232889. What is n(10)?
-31
Let h(s) = -s**3 + 51*s**2 + 560*s + 542. What is h(60)?
1742
Let w(m) = -m**2 + 980*m + 111554. Calculate w(-103).
5
Let h(q) = -66365*q + 1061843. Determine h(16).
3
Let p(b) = -68679*b + 33515345. Determine p(488).
-7
Let f(t) = -24183*t - 2466655. Give f(-102).
11
Let u(g) = 252*g + 102023. What is u(-405)?
-37
Let m(k) = -1370*k**2 - 39722*k + 282. Calculate m(-29).
50
Let u(b) = -b**3 + 13*b**2 - 125*b + 1812. What is u(12)?
456
Let t(o) = 12580*o - 1019012. What is t(81)?
-32
Let a(n) = n**3 - 192*n**2 - 8496*n - 10375. What is a(-36)?
-7
Let h(j) = -5391*j - 1132111. What is h(-210)?
-1
Let i(t) = t**3 + 47*t**2 + 368*t + 850. Calculate i(-6).
118
Let q(n) = -3*n**2 + 3191*n - 847662. Calculate q(549).
-6
Let f(k) = 2*k**3 - 5243*k**2 - 89710*k - 3. Determine f(-17).
14
Let x(l) = l**3 - 38*l**2 + 325*l + 630. Give x(18).
0
Let d(n) = -12*n**2 - 2898*n + 10300. Calculate d(-245).
10
Let n(x) = 107*x + 2434. Calculate n(0).
2434
Let b(k) = -526184*k - 6314219. Determine b(-12).
-11
Let v(n) = -119*n - 24831. What is v(-211)?
278
Let x(a) = 28*a**2 - 1716*a - 193. What is x(62)?
1047
Let r(o) = o**3 + 8*o**2 + 3637*o + 18112. Give r(-5).
2
Let l(d) = -31*d**3 + 15*d**2 + 53*d + 198. What is l(-4)?
2210
Let v(q) = q**3 + 78*q**2 + 920*q - 5324. What is v(-62)?
-860
Let c(u) = 8*u**2 + 5*u - 245. Give c(5).
-20
Let j(m) = -8*m + 3197. Calculate j(-4).
3229
Let l(q) = 7*q**2 - 772*q + 9174. What is l(12)?
918
Let x(s) = -7*s**2 + 180*s - 851. What is x(6)?
-23
Let h(o) = o**3 + 232*o**2 - 550*o + 36421. Give h(-235).
-4
Let f(n) = -2*n**2 + 1542*n + 12487. What is f(-8)?
23
Let n(q) = -q**3 + 26*q**2 + 872*q - 22253. Calculate n(26).
419
Let p(j) = -j**2 + 2128*j - 399351. Calculate p(208).
9
Let o(b) = b**2 + 152*b - 4191. Calculate o(24).
33
Let d(k) = k**2 + 134*k - 632. Determine d(-141).
355
Let d(b) = -904*b**2 - 10836*b + 137. Give d(-12).
-7
Let t(w) = 234*w**2 - 4630*w - 9269. Calculate t(-2).
927
Let f(x) = -x**2 + 736*x + 76109. Determine f(-92).
-67
Let k(i) = 2*i**2 + 121*i + 2456. What is k(-23)?
731
Let t(r) = r**3 - 22*r**2 - 801*r - 416. What is t(-19)?
2
Let y(s) = -157*s**2 - 2204*s + 70. Determine y(-14).
154
Let z(t) = 2*t**3 + 33*t**2 - 652*t - 11658. What is z(-17)?
-863
Let p(k) = -2*k**3 + 181*k**2 - 3679*k + 3255. Give p(29).
7
Let d(z) = -3*z**3 - 680*z**2 + 375*z + 33612. Determine d(-227).
16
Let j(t) = -2*t**2 - 2031*t + 35118. Calculate j(17).
13
Let x(z) = -198*z**2 + 13863*z - 134. Give x(70).
76
Let a(l) = 12237*l + 18930629. Give a(-1547).
-10
Let m(k) = 90*k + 16912. What is m(-191)?
-278
Let m(h) = h**3 - 94*h**2 - 505*h + 1317. Give m(99).
327
Let s(b) = -3407*b - 10924. Give s(-3).
-703
Let n(g) = 57933*g - 1564190. Calculate n(27).
1
Let b(f) = 2*f**3 + 82*f**2 - 19*f + 118. Determine b(-41).
897
Let k(s) = 2*s**3 - 39*s**2 - 1026*s + 19846. Calculate k(19).
-9
Let o(u) = 2*u**3 - 23*u**2 + 30*u - 307. Give o(10).
-307
Let o(u) = 243*u + 22908. What is o(-94)?
66
Let t(r) = 2*r**2 - 53*r - 625. Determine t(-9).
14
Let z(i) = i**3 - 4*i**2 + 22*i + 175. Give z(-4).
-41
Let g(d) = -1209*d + 27904. Give g(23).
97
Let s(x) = 1364*x + 57429. Calculate s(-44).
-2587
Let s(q) = 5*q**2 - 5465*q + 16347. What is s(1090)?
-3
Let s(g) = -7600*g - 129214. Give s(-17).
-14
Let s(n) = -5863*n - 867670. Give s(-148).
54
Let m(b) = b**3 + 7*b**2 + 17753*b + 88720. Give m(-5).
5
Let x(i) = -5268*i - 3718. Determine x(-1).
1550
Let i(n) = 878*n + 19604. Determine i(-23).
-590
Let v(g) = -g**3 + 66*g**2 - 1054*g - 1159. Give v(34).
-3
Let w(m) = 9*m**2 - 368*m - 35. What is w(41)?
6
Let m(b) = -3*b**2 - 551*b - 4575. What is m(-174)?
471
Let w(d) = d**2 + 510*d + 47927. Calculate w(-386).
63
Let l(n) = 50*n**3 + 55*n**2 - 197*n - 404. Give l(-2).
-190
Let o(n) = -6845*n - 2361644. What is o(-345)?
-119
Let u(h) = -h**3 - 943*h**2 - 56*h - 52812. Give u(-943).
-4
Let z(i) = 1902*i + 203517. Calculate z(-107).
3
Let w(y) = 11403*y - 545. Determine w(0).
-545
Let h(g) = -457*g - 17847. Give h(-39).
-24
Let m(b) = 7*b**2 - 288*b + 2082. What is m(8)?
226
Let l(p) = p**3 + 83*p**2 - 157*p + 1904. Calculate l(-85).
799
Let b(i) = -2*i**2 + 1076*i - 46169. Determine b(491).
-15
Let q(b) = 14*b**2 + 9843*b + 708. Calculate q(-703).
5
Let c(o) = -90*o - 10123. What is c(-101)?
-1033
Let y(v) = -2639*v + 7848. Give y(3).
-69
Let s(v) = v**3 + 17*v**2 + 17*v + 45. Give s(-8).
485
Let c(m) = 39368*m - 236269. Calculate c(6).
-61
Let z(h) = 1527*h - 75010. Calculate z(49).
-187
Let r(s) = -3*s**2 + 514*s + 9140. What is r(-16)?
148
Let p(i) = -i**2 + 62*i + 3180. Give p(-34).
-84
Let t(d) = 253*d**2 + 522691*d - 14457. Calculate t(-2066).
5
Let x(t) = t**3 - 31*t**2 + 9*t + 30. Calculate x(30).
-600
Let z(w) = 51*w**2 + 839*w + 5060. What is z(-6)?
1862
Let h(k) = 7*k**2 + 481*k + 1807. Give h(-62).
-1107
Let g(p) = 57678*p + 461638. What is g(-8)?
214
Let s(b) = 8*b**2 - 115*b + 312. Determine s(9).
-75
Let b(n) = 17*n**2 - 1064*n + 16632. Give b(30).
12
Let t(k) = 2*k**3 + k**2 + 5965*k + 5963. Determine t(-1).
-3
Let b(x) = -79*x**2 - 3161*x - 22. Calculate b(-40).
18
Let r(w) = -3542*w - 127760. What is r(-36)?
-248
Let m(c) = -6*c**2 - 774*c - 6505. Give m(-120).
-25
Let p(m) = 124*m**2 + 5528*m - 2334. Give p(-45).
6
Let w(c) = c**3 + 29*c**2 - 197*c + 2046. Calculate w(-36).
66
Let z(o) = 3*o**2 - 148284*o + 6962724. What is z(47)?
3
Let p(d) = 24*d**2 - 238*d + 381. What is p(2)?
1
Let j(h) = -18574*h - 222892. What is j(-12)?
-4
Let g(l) = 31*l**3 + 222*l**2 + 61*l + 184. Give g(-7).
2
Let o(j) = 313565*j - 11915443. Give o(38).
27
Let o(p) = 822*p + 318498. Give o(-387).
384
Let b(s) = -2*s**3 + 27*s**2 - 17*s + 140. What is b(7)?
658
Let a(o) = 245*o**3 + 3431*o**2 + 32*o + 258. Determine a(-14).
6
Let z(r) = -2*r**2 - 501*r + 13712. Determine z(27).
-1273
Let h(n) = -16*n**2 - 2120*n - 3228. Calculate h(-131).
-84
Let o(c) = 9*c**3 - 27*c**2 + 101*c + 10. What is o(5)?
965
Let u(b) = 1298*b**2 - 766*b + 2. Determine u(-1).
2066
Let k(v) = -87996*v**2 - 791968*v - 67. What is k(-9)?
-31
Let l(s) = 11*s**3 + 239*s**2 - 42*s - 775. Give l(-22).
-1303
Let p(q) = -29*q**2 + 2630*q - 310. Determine p(90).
1490
Let f(i) = 917*i + 30873. Calculate f(-34).
-305
Let j(q) = 20*q**2 + 611*q + 1810. Give j(-3).
157
L